)/33 + (-926)/(-6). Suppose -2*i + g = 3*x - x, 284 = 4*i - 4*x. List the prime factors of i.
2, 37
Let t = -2454 + 4363. What are the prime factors of t?
23, 83
Let b(z) = -z**3 + 14*z**2 - 12*z + 5. Let i(g) = -2*g**3 + 27*g**2 - 23*g + 10. Let q(d) = -7*b(d) + 4*i(d). What are the prime factors of q(6)?
101
Let o = -19 + 24. Suppose 0 = 2*h + c - 169, o*h + c + 3*c = 418. List the prime factors of h.
2, 43
Suppose -2*c + c + 2*i = -20, -15 = -c - 3*i. List the prime factors of 2 + (-3030)/(-27) - 4/c.
2, 3, 19
Let n = -1258 - -1919. List the prime factors of n.
661
Suppose -76 = -4*d + 72. Let u = -34 + d. What are the prime factors of u?
3
Suppose 15*u + 1320 = 18*u. Suppose 5*g - 105 = -2*t + 1004, -2*t = 2*g - u. What are the prime factors of g?
223
List the prime factors of 21/(-9)*-423 + -3.
2, 3, 41
List the prime factors of 16/28 + (79809/21 - -7).
2, 7, 17
Let h(u) = u**3 + 24*u**2 + 9*u + 30. List the prime factors of h(-20).
2, 5, 29
Let r = 62 + -58. Suppose -m = 1 + r, 110 = b + 2*m. List the prime factors of b.
2, 3, 5
Let i(t) = 182*t + 574. List the prime factors of i(9).
2, 7, 79
Suppose 0 = -15*v + 650 + 3355. List the prime factors of v.
3, 89
Let z(u) = -u**3 + 6*u**2 - 2*u + 4. Let j be z(6). Let y be (-4)/(4/22 + (-703)/2717). List the prime factors of y*(4/j - -1).
2, 13
Let x be (-7)/1*1/(-1). Suppose -278 - x = -5*b. What are the prime factors of b?
3, 19
Let j(n) be the third derivative of 19*n**4/24 - n**3/6 + 6*n**2. List the prime factors of j(1).
2, 3
What are the prime factors of (-11 - 40)*(0 + (-38 - 3))?
3, 17, 41
Let v(q) = -23*q + 57. What are the prime factors of v(-14)?
379
Let v = -15 - -10. Let m be 1*(1 - 2) - v. Suppose -5*w + 146 = m*n - 4, 0 = 2*w + 2*n - 58. What are the prime factors of w?
2, 17
Let f be -4 + 195/20 - 1/(-4). Suppose 147 = -3*x + f*x. List the prime factors of x.
7
Let u be 48/(-312) - (-6686)/26. Let g = u - -1. List the prime factors of g.
2, 3, 43
Let i be (0 + 40)*(9 - 2 - -3). Let q = i + -224. What are the prime factors of q?
2, 11
Suppose -2*j + 2 = -2. Suppose 4*z - 282 = 5*f, z - 268 = -3*z - j*f. Suppose 4*v = -5*c + z, c = -5*v + 6*c + 40. List the prime factors of v.
2, 3
Suppose -4*g = -20 + 4. Suppose k - 2*w - 196 = 0, 4*k + k + g*w - 1008 = 0. What are the prime factors of k?
2, 5
Let x be (2 - (2 - 28))*1. Let t = 11 + x. List the prime factors of t.
3, 13
Let k = 634 - -438. List the prime factors of k.
2, 67
Let c be 6/(-4) - 0 - (-4)/8. What are the prime factors of (2 + -1)/(c/(-72))?
2, 3
List the prime factors of (-1 - (-27)/12) + (-29420)/(-80).
3, 41
Suppose -3*m + 2*m = 0. Let d(u) = -u - 2. Let g be d(m). What are the prime factors of (16/(-24))/(g/111)?
37
Let a = 21 + -9. Suppose o + 2*o + 2*z = -a, z = 5*o + 7. What are the prime factors of o/(-9) + 178/9?
2, 5
Suppose 0*f - 300 = -4*f. Suppose 2*q = -q + f. List the prime factors of q.
5
Suppose 4 = 2*b - 2*v, 8*v - 8 = 2*b + 3*v. Suppose -q + 4*a = -17, 9*a - b*a - 12 = -2*q. What are the prime factors of q?
3
Let q(m) = 10*m**2 - 4*m + 3. Let d be 5/2*(-28)/(-35). Let o be q(d). Suppose -5*t + o = 5*c - 2*t, 0 = -c - t + 7. List the prime factors of c.
7
Let m(n) = n**2 + n - 5. Suppose 3*l = -5*i - 36, l - 4*i = 6*l + 47. Let q = l + 13. List the prime factors of m(q).
37
Let a = 4 - 118. List the prime factors of a/(-9)*(-189)/(-18).
7, 19
Suppose 8*i - 22776 = -31*i. What are the prime factors of i?
2, 73
Suppose 2*l + 3*k - 48 = 0, 8*k - 3*k = -2*l + 44. List the prime factors of -60*(4 - l/6).
2, 3, 5
Let f = 4 - 10. Let u(a) = 5*a**2 + 2*a + 8. Let p(t) = -11*t**2 - 3*t - 16. Let o(y) = 4*p(y) + 9*u(y). What are the prime factors of o(f)?
2
Let m = 1108 - 1041. What are the prime factors of m?
67
Let x = 122 - 50. Suppose 0 = -n + 4*z + 92, 3*z = 2*n - x - 97. What are the prime factors of n?
2, 5
Let s = 4691 - 1605. List the prime factors of s.
2, 1543
Let t(y) = y**2 - 9*y - 1. Let b be t(9). Let u(a) = -96*a - 4. What are the prime factors of u(b)?
2, 23
Let y(x) = -7*x - 18. Let z be y(-3). Let u = z - -46. List the prime factors of u.
7
Let d = -30 + 50. Suppose d = 3*i + i. Suppose -i*w = -4*l + 305, -5*l + 2*w + 217 + 143 = 0. List the prime factors of l.
2, 5, 7
Suppose -2*y = 1 - 7. Suppose -3*x - 1 = -y*l - 7, 0 = -x + 3*l. Suppose -x*k = -k - 56. What are the prime factors of k?
2, 7
Suppose 859 = k - 3333. List the prime factors of k.
2, 131
Let s be 10/(-15) - 754/(-6). Let i be 1*s + 1 + 0. Suppose i = 3*y - 0*y. List the prime factors of y.
2, 3, 7
Let k = 17 + -13. List the prime factors of (4280/(-80))/(-1 - (-2)/k).
107
Suppose -5*d - 21 = 2*d. What are the prime factors of (10/d)/(6/(-9))?
5
Suppose 26*i = 28*i. Suppose i = -12*m + 1348 + 116. What are the prime factors of m?
2, 61
Suppose -248*c + 247*c = -4796. List the prime factors of c.
2, 11, 109
Let r be 5*(1 + (-588)/20). What are the prime factors of r/(1 - 2) + -2?
2, 5, 7
Suppose -2*w + 3*q = 39 + 13, -5*w = -q + 130. Suppose 7*m - 9*m - 4 = 0, -3*o = -3*m - 141. Let j = o + w. What are the prime factors of j?
19
Suppose 0 = -3*t + 2*n - 180, t + 64 - 14 = 4*n. Let q = 87 + t. What are the prime factors of q?
5
Let n(g) = g**2 - g. Let j be ((-28)/(-6))/((-2)/3). What are the prime factors of n(j)?
2, 7
Let p = 417 + -341. List the prime factors of p.
2, 19
Suppose -5*q = -2*q - 9. Let n be 766/8 - (84/(-16) + 5). Suppose -3*m + n = q*m. What are the prime factors of m?
2
Suppose 5*f - 256 = -5*c + 39, -4*f = c - 71. Let z = c - 27. Let b = z + -17. List the prime factors of b.
11
Suppose -2876*b + 2878*b = 2066. List the prime factors of b.
1033
Suppose 0 = -5*m - 3*b + 187, 4*m + 95 = 3*b + 250. Suppose -3*r + y + 81 = r, -33 = -2*r - y. Let l = m + r. What are the prime factors of l?
3, 19
List the prime factors of ((-84)/(-63))/(1/99).
2, 3, 11
Suppose 42 = -2*q + 430. List the prime factors of q.
2, 97
Let n be (64/120*5)/(2/3). List the prime factors of -4 + -4 + n + 296.
2, 73
Let l be (1/(-3) - -4)*-6. What are the prime factors of (l/(-5) - 0)*15?
2, 3, 11
Let a = -677 - -1390. Suppose -4*z - a = -3*u, 4*u - 4*z - 944 = -2*z. Suppose -4*x + 5 = -u. What are the prime factors of x?
2, 3, 5
Let r = -10 + 13. Let f = r - 31. What are the prime factors of (27/(-4))/(7/f)?
3
Let q = 22 - 17. Suppose 4*j + j - 25 = 0. Suppose -72 = -3*f + j*b, -5*b = q*f - b - 120. What are the prime factors of f?
2, 3
Let y(o) be the third derivative of 13*o**5/30 + 2*o**3/3 - 2*o**2. Let r be y(4). What are the prime factors of (-1)/2*r/(-7)?
2, 3, 5
Suppose 0 = -5*y + 2*z + 102, 3*y + 4*z - 76 = -y. Suppose a = 18 - y. List the prime factors of (-8)/a - (-19 - 0).
23
Suppose 3*k + l = 0, 6*k = 2*k + 4*l. Suppose -9*v + 5*v + 32 = k. Suppose -4 = -3*i + 5*w, 0 = -3*i - 0*w + w + v. List the prime factors of i.
3
Suppose 23*u = 24*u. Suppose 3*i = 4*p + 85, -5*i + p + 19 + 100 = u. What are the prime factors of i?
23
Suppose -1144 = -9*z - 82. What are the prime factors of z?
2, 59
Suppose 10*y = 3*y - 7. Let v(d) = -99*d**3 + d**2 + 2*d + 2. Let z be v(y). Suppose 4*w + 8*n = 4*n + z, -83 = -3*w - n. What are the prime factors of w?
29
Suppose -35233 = 41*x - 102801. List the prime factors of x.
2, 103
Let c(w) = -w. Let x(p) = -12*p + 7. Let y(r) = -5*c(r) + x(r). Let b be y(-4). Let m = 56 - b. List the prime factors of m.
3, 7
Suppose 3*b + 2*b = 10. Suppose -4*r + 2*j + 64 = 0, 3*r + b*r - j = 83. Suppose -f + 29 + r = 0. List the prime factors of f.
2, 23
Let y = -2758 - -4137. What are the prime factors of y?
7, 197
Let k = 2103 - 431. What are the prime factors of k?
2, 11, 19
List the prime factors of (-880)/(-9) - (-54)/243.
2, 7
Let q = 2 - 4. Let f = q - -9. List the prime factors of f.
7
Let c = 37 - 5. List the prime factors of c + 0 - (-1 - 1).
2, 17
Let y = 65 - 28. Suppose -288 = -5*q + 4*m + y, 0 = 4*m. What are the prime factors of q?
5, 13
Let g = 31 - 28. Suppose d - g*b + 4 = 6, 5*d = 4*b + 10. Suppose 5*t + 192 = 4*k, -8*t + 4*t = d*k - 122. List the prime factors of k.
53
What are the prime factors of -4*29/(-8)*42?
3, 7, 29
Suppose 0 = -m - 0*m + 44. Let t = m + -30. Suppose 3*o - 25 = t. What are the prime factors of o?
13
Let k be 2/(0 + 3/6). Let p(n) = 2*n**2 + 19*n - 27. Let r be p(-12). L